 (-2334)/(-18). Suppose 4*b = -w - 4*w + p, -3*b + 5*w + 88 = 0. Let m = -119 - -127. Calculate the remainder when b is divided by m.
7
Let s(y) = -3*y + 19. Let c(b) = 4*b - 18. Let z(u) = 2*c(u) + 3*s(u). What is the remainder when 63 is divided by z(5)?
15
Let n = 40 + -43. What is the remainder when 1/((-2)/(-372)*3) + n is divided by 20?
19
Let y be (8 - -1)/3 - 38. Let l be (-56)/y - (-2)/5. What is the remainder when 74 - ((-2)/2 + l) is divided by 25?
23
Suppose -4*v + 311 = 3*f, -2*f + 4*f = 3*v + 196. Calculate the remainder when f is divided by 18.
11
Suppose 3*f - 4*n - n - 3322 = 0, 3*n + 2216 = 2*f. Calculate the remainder when f is divided by 62.
60
Let c = -1 - -15. Suppose -9*x + c*x = 90. What is the remainder when 71 is divided by x?
17
Suppose 5*m = 3*u + 825, 0 = m + 165*u - 160*u - 193. What is the remainder when m is divided by 69?
30
Let f = 5 + -2. Suppose f*w - 8 - 58 = 0. Suppose 2*p + u - 7 = -0*u, -3*u = 5*p - 15. What is the remainder when w is divided by p?
4
Let f(r) = -r**3 - 2*r**2 + 32*r + 9. Calculate the remainder when f(-7) is divided by 12.
6
Suppose 0 = -4*z + 3*i - 212 + 583, 5*z - 3*i = 460. Let a(b) = -b**2 - 7*b. Calculate the remainder when 2/4*(9 + z) is divided by a(-5).
9
Suppose 0 = -8*u + 13*u - 605. Let t = 63 - 32. What is the remainder when u is divided by t?
28
Suppose -4*g - f + 15 = -15, g = -5*f + 17. What is the remainder when 69 is divided by g?
6
Suppose n = 5*i + 3*n - 1336, 4*n = -2*i + 528. Calculate the remainder when i is divided by 18.
16
Let h = -130 + 159. Calculate the remainder when 55 is divided by h.
26
Let h = -20 - -25. Suppose -225 = -5*k - 5*l, -k - h*l + 66 = 25. Suppose 150 = 4*b + k. Calculate the remainder when b is divided by 9.
8
Suppose 4*m - 1076 = 3*m - b, -1 = b. What is the remainder when m is divided by 15?
12
Suppose v - 10 = 25. Suppose 108 = -2*p + 2*g, -3*g - 120 = 2*p - g. What is the remainder when v is divided by p/(-9)*(-18)/(-6)?
16
Let n = 157 - 118. What is the remainder when n is divided by 10?
9
Let d(f) = f**2 + 4*f**2 + 3*f**3 - 3 - 2*f**3 - 8*f. What is the remainder when d(-5) is divided by ((-78)/(-9))/(8/12)?
11
Let q(z) = 399 - 203 + 2*z - 178. What is the remainder when 21 is divided by q(-6)?
3
Let c(d) = 4*d - 16. What is the remainder when (-6228)/(-207) + 2/(-23) is divided by c(6)?
6
Let r = -1192 + 1321. Calculate the remainder when r is divided by 41.
6
Let j(a) = 5*a + 71. What is the remainder when 309 is divided by j(-8)?
30
Let h(k) = -64*k**3 - 16*k**2 - 29*k + 3. Calculate the remainder when h(-2) is divided by 30.
29
Suppose -251 = -3*r - 2*r + 3*l, 5*l = -4*r + 186. What is the remainder when r is divided by ((-57)/12 - 5)*8/(-3)?
23
Suppose v = -4*r + 12, v = -v - 5*r + 18. Suppose -2*y + 99 = k + 29, -v*y = k - 140. Calculate the remainder when y is divided by 19.
16
Suppose -3*v + k = -69, -2*v - 5*k = -7*v + 115. Let s = 821 - 812. Calculate the remainder when v is divided by s.
5
Let t(x) = -187*x - 98. What is the remainder when t(-2) is divided by 88?
12
Let v = -8 + 11. Suppose -96 = -v*f + 699. Suppose -5*b + f = 60. What is the remainder when b is divided by 11?
8
Let h(t) = t**2 - 17*t + 17. Let c be h(13). Let z be 2/(-9) - 112/(-18). Calculate the remainder when (-2)/z + c/(-15) is divided by 2.
0
Suppose 2*w + 48 = 3*l + 5*w, -2*l - w = -30. Suppose 3*r - 54 - 132 = -5*y, 2*r - 5*y - 149 = 0. Calculate the remainder when r is divided by l.
11
Let z(p) = -p**2 + 12*p - 13. Let g = -1 + 11. What is the remainder when z(g) is divided by 4?
3
Let b(y) = -y**3 + 4*y**2 + y + 6. Let g(h) = 1. Let u(k) = -b(k) + 3*g(k). Calculate the remainder when 67 is divided by u(5).
16
Let j = -2744 + 2754. What is the remainder when 1878 is divided by j?
8
Let p be 1 - ((2 - -1) + -6). Suppose i + 2*c = 7*c + 20, p*i = -3*c + 195. Let h = i + -26. What is the remainder when 36 is divided by h?
17
Let y = 421 - 402. What is the remainder when 149 is divided by y?
16
Suppose 2*r + 14 = -5*f + f, 0 = r + f + 2. Calculate the remainder when 83/8 + 3/(-8) is divided by r.
1
Suppose 3*a + 96 = 5*a. Let n be 153/(-9)*(-2)/(-6)*6. Let i = a - n. What is the remainder when i is divided by 14?
12
Suppose 2*g - 6*g + 180 = 0. Suppose -5*c + v = -g, -4*v + 35 = c + v. What is the remainder when c is divided by 6?
4
Suppose 0 = 21*q + 22*q - 516. What is the remainder when 15 is divided by q?
3
Let n(b) = b**2 - 18*b + 93. Calculate the remainder when 221 is divided by n(14).
36
Let l = -12411 - -12417. Calculate the remainder when -2*(-15)/4*2 is divided by l.
3
Let p(z) = 4*z + 20. Let t be p(-4). Let m(j) = j**2 + 5*j + 5. What is the remainder when (0 - (-48)/(-9))/(t/(-6)) is divided by m(-5)?
3
Suppose 414 = 5*q + 2*w, 4*q = 5*q - 2*w - 78. Suppose -2*l + 0*l = 2*s - 90, 2*l - 4 = 0. What is the remainder when q is divided by s?
39
Let w(x) = 2*x**3 - 13*x**2 - 2*x - 9. Let n be -2*((-687)/6 - -2). Suppose 3*t - z = -3*z + 234, 3*t = z + n. What is the remainder when t is divided by w(7)?
24
Let p = -6 - -2. Let l be (-26)/(-30) - p/30. What is the remainder when (l - 5)*(-7 - 1) is divided by 17?
15
What is the remainder when 104 is divided by ((-147)/15)/((-3)/15)?
6
Suppose -2*v + 13 = s, -3*s + 31 = 3*v + 10. What is the remainder when 54/(-45)*35/(-2) is divided by v?
3
Let q(x) = x**3 + 3*x**2 - 1. Let t be q(-3). Suppose -2*m + 8 = 5*f, -5*f + 2*m = -3*m - 15. Calculate the remainder when 77 is divided by (-1)/f*t*40.
17
Suppose 0*f - f - 10 = 0. Let d(z) = -z**3 - 9*z**2 + 7*z - 5. What is the remainder when d(f) is divided by 9?
7
Suppose -m = 2*x - 73 - 85, -2*x - 4 = 0. Calculate the remainder when m is divided by 82.
80
Suppose 11 = v - 13. Let y(o) = 38*o**2 + o. Let l be y(1). Let d = -26 + l. What is the remainder when v is divided by d?
11
Let s(w) = -w**2 - 7*w - 4. Let b be s(-6). Suppose 5*o - 2*t - 9 = 30, 0 = o - b*t - 3. Suppose c + o = 23. What is the remainder when 25 is divided by c?
11
Let j = 5 - -10. Let d = 32 - j. What is the remainder when 33 is divided by d?
16
Let b = -779 - -810. What is the remainder when b is divided by 14?
3
Suppose 5*c - 56 = 159. Suppose 0 = 11*o + 54*o - 975. Calculate the remainder when c is divided by o.
13
Let h(w) = 14*w - 109. Let p = -1 + 6. What is the remainder when p is divided by h(8)?
2
Suppose -3*r = -2 - 1. Let p be 43 + r - 1 - -1. Let f = -12 + p. What is the remainder when f is divided by 11?
10
What is the remainder when (-6657)/(-189) - (1 - 21/27) is divided by 23?
12
Let n(j) = j**3 - 2*j**2 - 21*j + 39. Calculate the remainder when n(9) is divided by 14.
11
Let c = -25 - -26. What is the remainder when 31 is divided by 6/2 + (c + -2 - -11)?
5
Suppose -2*n + 7*k + 57 = 12*k, -n + 2*k = -24. Calculate the remainder when 33 is divided by n.
7
Suppose 7*f = 5*f + 2*k + 48, -3*f + 4*k = -77. What is the remainder when f is divided by ((-3)/2)/((-3)/20)?
9
Let k(q) = -q**3 - 5*q**2 + q + 7. Let m be k(-5). Suppose 4*f - 4*s = -f + 35, -2*s = 4*f - m. What is the remainder when 12 is divided by f?
0
Suppose 4*d = 5*t + 270, 0 = -4*t - 9 + 1. Calculate the remainder when d is divided by 44.
21
Let k(z) = -z**2 + 14*z - 13. Let a be k(13). Calculate the remainder when 29 is divided by 1/(a + (-4)/(-20)).
4
Suppose 4*m - 373 = -261. Calculate the remainder when m is divided by 12.
4
Let z = -27 + 45. Suppose 4*s = 7*s - z. Suppose -50 = -s*r + r - 5*k, -74 = -5*r + 3*k. Calculate the remainder when r is divided by 8.
5
Let n = -2480 - -3347. What is the remainder when n is divided by 10?
7
Let r = 1339 + -1299. Calculate the remainder when r is divided by (-22)/(-3) + 1/(-3).
5
Let l = 27 + -7. Suppose -a + 4*u = -3*a + l, 0 = 4*u - 8. Calculate the remainder when 102 is divided by (-2)/a - (-316)/12.
24
Suppose 3*g + 5 = -2*g. Let b = 12 - g. What is the remainder when 87 is divided by b?
9
Suppose -2*m = -m + 2, 0 = -4*p - m - 34. Let y(s) = -5*s + 2. Let x be y(p). Let v = -15 + x. Calculate the remainder when 78 is divided by v.
24
Suppose 3*n - 18 = -3*l, 4 = n - 2*l + 1. Let f be (127 - (-2 + n)) + 1. Suppose f = -4*m + 9*m. What is the remainder when 99 is divided by m?
24
Suppose 0 = 3*x - 7 - 17. Suppose -5*n = -28 + x. What is the remainder when 5 - (